{"id":69,"date":"2023-11-25T20:13:47","date_gmt":"2023-11-25T19:13:47","guid":{"rendered":"http:\/\/noweumiejetnosci.cityschool.pl\/?page_id=69"},"modified":"2023-12-15T13:49:25","modified_gmt":"2023-12-15T12:49:25","slug":"kontakt","status":"publish","type":"page","link":"http:\/\/noweumiejetnosci.cityschool.pl\/?page_id=69","title":{"rendered":"KONTAKT"},"content":{"rendered":"\n<div style=\"height:62px\" aria-hidden=\"true\" class=\"wp-block-spacer\"><\/div>\n\n\n\n<div class=\"wp-block-columns is-layout-flex wp-container-core-columns-is-layout-1 wp-block-columns-is-layout-flex\">\n<div class=\"wp-block-column is-vertically-aligned-center is-layout-flow wp-block-column-is-layout-flow\" style=\"flex-basis:50%\">\n<h3 class=\"wp-block-heading has-text-align-right\">ZAPRASZAMY DO KONTAKTU<\/h3>\n\n\n\n<p class=\"has-text-align-right\">e-mail:&nbsp;<a href=\"mailto:noweumiejetnosci@cityschool.pl\"><strong>noweumiejetnosci@cityschool.pl<\/strong><\/a><\/p>\n\n\n\n<p class=\"has-text-align-right\">tel.:&nbsp;500-543-353<\/p>\n<\/div>\n\n\n\n<div class=\"wp-block-column is-layout-flow wp-block-column-is-layout-flow\" style=\"flex-basis:10%\">\n<div style=\"height:100px\" aria-hidden=\"true\" class=\"wp-block-spacer\"><\/div>\n<\/div>\n\n\n\n<div class=\"wp-block-column is-layout-flow wp-block-column-is-layout-flow\" style=\"flex-basis:40%\">\n<figure class=\"wp-block-image size-large is-resized\"><img loading=\"lazy\" decoding=\"async\" width=\"1024\" height=\"683\" src=\"http:\/\/noweumiejetnosci.cityschool.pl\/wp-content\/uploads\/2023\/11\/call-15924_1920-1024x683.jpg\" alt=\"\" class=\"wp-image-80\" style=\"width:328px;height:auto\" srcset=\"http:\/\/noweumiejetnosci.cityschool.pl\/wp-content\/uploads\/2023\/11\/call-15924_1920-1024x683.jpg 1024w, http:\/\/noweumiejetnosci.cityschool.pl\/wp-content\/uploads\/2023\/11\/call-15924_1920-300x200.jpg 300w, http:\/\/noweumiejetnosci.cityschool.pl\/wp-content\/uploads\/2023\/11\/call-15924_1920-768x512.jpg 768w, http:\/\/noweumiejetnosci.cityschool.pl\/wp-content\/uploads\/2023\/11\/call-15924_1920-1536x1024.jpg 1536w, http:\/\/noweumiejetnosci.cityschool.pl\/wp-content\/uploads\/2023\/11\/call-15924_1920-1140x760.jpg 1140w, http:\/\/noweumiejetnosci.cityschool.pl\/wp-content\/uploads\/2023\/11\/call-15924_1920.jpg 1920w\" sizes=\"(max-width: 1024px) 100vw, 1024px\" \/><\/figure>\n<\/div>\n<\/div>\n\n\n\n<p>Biuro czynne w godzinach: pon.-pt. 9-15<br>W celu um\u00f3wienia si\u0119 w godzinach innych ni\u017c wy\u017cej wymienione prosimy o kontakt telefoniczny.<\/p>\n","protected":false},"excerpt":{"rendered":"<p>ZAPRASZAMY DO KONTAKTU e-mail:&nbsp;noweumiejetnosci@cityschool.pl tel.:&nbsp;500-543-353 Biuro czynne w godzinach: pon.-pt. 9-15W celu um\u00f3wienia si\u0119 w godzinach innych ni\u017c wy\u017cej wymienione prosimy o kontakt telefoniczny.<\/p>\n","protected":false},"author":1,"featured_media":0,"parent":0,"menu_order":0,"comment_status":"closed","ping_status":"closed","template":"","meta":{"footnotes":""},"_links":{"self":[{"href":"http:\/\/noweumiejetnosci.cityschool.pl\/index.php?rest_route=\/wp\/v2\/pages\/69"}],"collection":[{"href":"http:\/\/noweumiejetnosci.cityschool.pl\/index.php?rest_route=\/wp\/v2\/pages"}],"about":[{"href":"http:\/\/noweumiejetnosci.cityschool.pl\/index.php?rest_route=\/wp\/v2\/types\/page"}],"author":[{"embeddable":true,"href":"http:\/\/noweumiejetnosci.cityschool.pl\/index.php?rest_route=\/wp\/v2\/users\/1"}],"replies":[{"embeddable":true,"href":"http:\/\/noweumiejetnosci.cityschool.pl\/index.php?rest_route=%2Fwp%2Fv2%2Fcomments&post=69"}],"version-history":[{"count":14,"href":"http:\/\/noweumiejetnosci.cityschool.pl\/index.php?rest_route=\/wp\/v2\/pages\/69\/revisions"}],"predecessor-version":[{"id":122,"href":"http:\/\/noweumiejetnosci.cityschool.pl\/index.php?rest_route=\/wp\/v2\/pages\/69\/revisions\/122"}],"wp:attachment":[{"href":"http:\/\/noweumiejetnosci.cityschool.pl\/index.php?rest_route=%2Fwp%2Fv2%2Fmedia&parent=69"}],"curies":[{"name":"wp","href":"https:\/\/api.w.org\/{rel}","templated":true}]}}